 = -5*g + m*q. What is the highest common divisor of 15 and g?
3
Suppose -4*y + 3*w + 3167 = 0, -21*y - w + 1581 = -19*y. What is the greatest common factor of 63 and y?
7
Let q(t) = 5*t - 34. Let d be q(10). Let j(z) = d - z**2 + 10 + 2 - 6*z - 7. Let f be j(-8). Calculate the greatest common divisor of 40 and f.
5
Let b = -63 - -123. Suppose 17*m - 6761 + 5945 = 0. What is the highest common factor of m and b?
12
Let u(s) = -s**2 - 7*s + 15. Let x be u(0). Suppose 988*k - 985*k - x = 0. What is the greatest common divisor of k and 80?
5
Let t be 142/18 - 10/(-90). Let z be 2/(-2)*1*t*-18. Calculate the greatest common factor of z and 72.
72
Let y(j) = 32*j + 13. Let o be y(4). Suppose -5*q = 2*f - 8*q - o, -5*q = -2*f + 139. What is the greatest common divisor of 120 and f?
24
Suppose 11*w + 1536 = 19*w. Let g be (-2 - 2) + 592/(-2). Let y be (6/4)/(-3) + g/(-24). What is the greatest common divisor of w and y?
12
Let x(w) = -44*w + 22. Let a be x(-14). Suppose 2*z = -3*s + 240, 0 = -5*z + s + s + a. Calculate the highest common divisor of z and 28.
14
Let c = -723 - -160. Let i = c + 585. Calculate the greatest common factor of 803 and i.
11
Let q be -1*1*(-9 - 4)*-13. Let c = 196 + q. Calculate the greatest common divisor of c and 6.
3
Let y(h) = -8521*h + 605. Let u be y(0). Suppose -7*b = -2*b - 55. What is the highest common divisor of b and u?
11
Let u(w) = 7*w**2 + w + 1. Let v be u(-1). Suppose 3*a - j - 243 = j, -2*j = -6. Suppose 5*o = a + 57. What is the highest common factor of o and v?
7
Let b(y) = 32*y**3 - 88*y**2 - 38*y - 12. Let u be b(9). What is the highest common divisor of u and 38?
38
Let j(r) = 121*r**2 + 54*r - 487. Let g be j(13). Calculate the greatest common divisor of g and 14.
14
Let p = 741 - 737. What is the highest common factor of p and 932?
4
Let q be -2 - 3*208/(-12). Suppose -6*b - 14 + q = 0. What is the greatest common divisor of 138 and b?
6
Suppose -202 = -129*f + 165 + 278. Calculate the highest common divisor of f and 2160.
5
Suppose -5*o + 3*c + 1253 = 0, 0 = -o - 2*o + c + 747. Calculate the greatest common divisor of 95 and o.
19
Suppose -4*y + 370 = y. Let s = 79 - y. Let b be (3 - s)/(6/51*-1). What is the greatest common divisor of 221 and b?
17
Suppose 0 = 2*o + 5*k - 162, 33*o - 30*o - 268 = 5*k. What is the highest common divisor of 14749 and o?
43
Let u(l) = 207*l - 545. Let c be u(10). What is the greatest common divisor of c and 61?
61
Let c be (10 - (-4 + 5)) + 3. Suppose 77 = -11*v + c*v. Suppose 0 = -4*o - 5 + v. What is the highest common divisor of 9 and o?
9
Suppose 3*a + 6*t - 25 = 8*t, -4*a - 3*t = -39. Calculate the highest common factor of a and 597.
3
Let h be 6/(-8) + -1 + (-284)/(-16). Suppose -h*l + 18*l = 154. What is the greatest common factor of l and 11?
11
Let v = 31 + -30. Suppose -2*h = -w + 59, 4*h + 0*h - 142 = -2*w. Let x be 3/v*w/15. Calculate the greatest common divisor of 52 and x.
13
Suppose -3*b + 243 = -13*n + 16*n, 0 = 4*n + 2*b - 320. Suppose -4*m - n = -479. What is the greatest common factor of m and 250?
50
Let a = -2438 - -2523. Suppose 5*u + z + z = 77, -4*u = -z - 72. Calculate the greatest common divisor of u and a.
17
Let f = -6 + 14. Suppose 9818 + 14387 + 491 = 63*q. What is the highest common factor of f and q?
8
Suppose 5*x - 333 + 118 = -5*q, 0 = -4*x + 4*q + 148. Calculate the greatest common divisor of x and 1656.
8
Let i be 25/100 - 44790/(-40). Calculate the highest common divisor of i and 315.
35
Let j be (9/2 + -5)*1792/(-8). What is the highest common divisor of j and 756?
28
Let z(o) = -o**2 + 10*o - 6. Let p be z(7). Suppose -5*r = 5*q - 65, -11*r + 6*r = 2*q - 44. Calculate the highest common divisor of r and p.
3
Let x(s) = -105*s + 1297. Let d be x(-16). What is the highest common factor of d and 39?
13
Let k be 1 + -1 - (-1 - 0). Let z be 6 + -5 + 49 - k. What is the greatest common factor of 196 and z?
49
Let d = -7 - -11. Let l be -58*10*(252/60)/(-21). What is the greatest common divisor of d and l?
4
Suppose -202 = -5*o + 23. Let x be ((-16032)/(-90))/16 - (-6)/(-45). Let s be 11 + -11 + x - -4. Calculate the highest common divisor of o and s.
15
Let n = -200 - -202. Suppose 5*m + 50 = h + 2, n*m + 105 = 3*h. What is the highest common factor of 297 and h?
33
Let r be 204/374 - 60/(-11). Let c be 14*(2 - 1)*-1. Let m be 8/5*(-35)/c. What is the greatest common divisor of r and m?
2
Let b = -742 + 847. What is the highest common divisor of b and 420?
105
Suppose -28*p - 14*p + 25056 = -10*p. Calculate the highest common divisor of 27 and p.
27
Let f be ((-3)/(-6))/(-8*1/(-6816)). What is the highest common divisor of 3195 and f?
213
Suppose -4*p = -2*p - 36. Let w = -12887 + 13085. What is the greatest common divisor of p and w?
18
Let j be 30/(-4 - -2) - -5. Let d be (0 + (-8)/j)*5/1. Let x(y) = -y**3 + 5*y**2 + 10*y - 4. Let q be x(d). Calculate the highest common factor of 78 and q.
26
Let k = 976 - -1589. Suppose 16*z = -3*z + k. What is the greatest common divisor of 27 and z?
27
Suppose 0 = 3*n - s - 232, s = 5*n - 0*s - 388. Suppose 90 = 43*f - 744 + 60. Calculate the highest common divisor of n and f.
6
Let p = -35 + 127. Suppose -4*o + p = -480. Let u = o + -86. What is the highest common divisor of u and 38?
19
Let p = 21 - -48. Let f be p*4*(-6)/(-18). Let j be (23 + -1)/1 + 1. What is the greatest common divisor of j and f?
23
Let c(b) = -b**2 - 2*b + 4. Let i be c(0). Let t be -24*28/i*-1. Suppose 2*s - 6*s + 84 = 0. What is the highest common factor of s and t?
21
Let z(y) = 0*y - 3*y - 181*y**2 + 2*y + 170*y**2 + 55 - y**3. Let d be z(-11). Calculate the greatest common factor of d and 110.
22
Let z = 779 + -415. Let h = -372 - -400. What is the greatest common divisor of z and h?
28
Let q = 10208 - 10203. What is the greatest common divisor of 10415 and q?
5
Let w be ((-235)/25 + -5)*-10. What is the highest common divisor of w and 384?
48
Suppose 0 = 1579*y - 1554*y - 250. What is the highest common divisor of 28890 and y?
10
Let k be (-2)/(-3)*(-3 + 4 + 2). Suppose 6*r = k*r + 104. What is the highest common divisor of r and 26?
26
Suppose v - 5*b + 475 = 0, -5*v + 3*b = -b + 2312. Let c = v - -476. What is the greatest common divisor of c and 112?
16
Let j be (948/237)/(2/60). Let u be 2/(-7) - (-3924)/14. Calculate the highest common factor of j and u.
40
Let n(c) = -23*c - 113. Let j be n(-6). Suppose -k = 5*r - 560 - 1046, -5*r = -j. What is the greatest common divisor of 51 and k?
51
Suppose -41 = -39*f + 76. Suppose 5 = 4*t - 4*s - 23, 4*s - 56 = -f*t. What is the highest common divisor of 96 and t?
12
Let r be 27/(-18)*(-12)/(-9)*-343. Suppose 0 = 2*n + 5*h - 13, 0 = -2*n + 11*h - 6*h + 43. Calculate the highest common divisor of n and r.
14
Suppose -y = -7*y. Suppose y = -5*m - 61 + 376. What is the greatest common factor of 28 and m?
7
Let s(t) = -64*t - 448. Let q be s(-40). Suppose q*d = 2108*d + 1204. What is the greatest common divisor of 43 and d?
43
Let o = -722 - -351. Let f = -314 - o. What is the highest common factor of 399 and f?
57
Let i be 3 + (-3 - -4) + -9 - (-1717 + -4). What is the greatest common divisor of i and 396?
132
Let c be (-60)/8*((-80)/8 + -68). What is the highest common divisor of 45 and c?
45
Let k = -3951 + 8677. What is the greatest common factor of k and 102?
34
Suppose 92*o - 40476 + 6766 = 45226. What is the highest common divisor of 990 and o?
66
Let l = 2482 - 1910. What is the highest common factor of l and 44?
44
Let n = 30 - 12. Let p = -5394 + 5475. Calculate the greatest common divisor of p and n.
9
Let t = -30342 - -31539. Calculate the greatest common divisor of 3 and t.
3
Let d = -11682 + 18150. Calculate the highest common divisor of 77 and d.
77
Let i be 3997/(-28)*12/(9/3). Let g = i - -989. Calculate the greatest common factor of g and 22.
22
Let p(i) = 18*i**2 - 2*i + 1. Suppose 25*n - 20 = 26*n. Let z be (8/n)/((-2)/5). Let f be p(z). Calculate the greatest common factor of f and 68.
17
Let a = -167 - -179. Let c(b) = b**3 - 13*b**2 + 12*b + 2. Let t be c(a). What is the greatest common factor of t and 98?
2
Suppose -8*c + 3*c = 105. Let x = c - 27. Let s be x*(52/(-16) - -2). What is the highest common divisor of s and 12?
12
Let d(w) = -3*w + 8